est common divisor of o and 9.
9
Let n be ((-58)/(-6))/((-1)/3). Let j = -14 - n. What is the greatest common factor of 120 and j?
15
Let h(z) = -3*z - 6. Let m(q) = -4*q - 7. Let j(w) = -5*h(w) + 4*m(w). Let v be j(-11). What is the greatest common factor of 52 and v?
13
Suppose 16*p - 24*p + 176 = 0. Calculate the highest common divisor of p and 242.
22
Let n be 1 + (2/(-1) - -4). Suppose n*m + 5*b - 78 = 0, 3*m - 4*b - 66 = -5*b. Calculate the greatest common divisor of m and 14.
7
Suppose -3*a + 9 = -0. Let y be a + -2 - 62/(-2). Suppose -2*z + z = -y. What is the highest common factor of 48 and z?
16
Let v(r) = -2*r + 10. Let y be v(3). What is the highest common divisor of 32 and y?
4
Suppose 0 = 3*a - 2*a - 16. Let j(y) = y + 64. Let h be j(0). Suppose 4*l = 4*i - h, -2*i + 32 = l + 3*l. What is the greatest common divisor of i and a?
16
Let h(r) = -r**3 - 8*r**2 - r + 6. Let n be h(-9). What is the highest common factor of 24 and n?
24
Suppose 0 = -2*f + 5*f. Suppose 3*b - 120 = -f*b. Calculate the greatest common divisor of b and 4.
4
Suppose -1 - 17 = -3*y. Let w(p) = -p**2 - 9*p - 4. Let z be w(-7). Suppose 2*f = -3*f + z. What is the greatest common divisor of f and y?
2
Let u = 25 - -2. Calculate the highest common factor of u and 27.
27
Let p(b) = 123*b - 15. Let i be p(2). Calculate the highest common divisor of 21 and i.
21
Suppose -2*y = -4*a + 18, 2*y = 5*a - 2*y - 21. Calculate the highest common factor of a and 45.
5
Let b = -14 - -8. Let y be 3/b - 21/(-2). Suppose -3*z = -0*z - 30. What is the greatest common factor of y and z?
10
Let x be (-17 - -3)/(2/(-47)). What is the greatest common divisor of x and 47?
47
Let l(g) = g**3 + 6*g**2 + g + 5. Let j be l(-6). Let d(v) = -13*v**3 - v**2 - v - 1. Let f be d(j). What is the highest common divisor of 120 and f?
12
Let k = 39 - 14. What is the highest common divisor of k and 50?
25
Let w(i) = 9*i + 1. Let l(d) = -17*d - 1. Let z(o) = -4*l(o) - 9*w(o). Let g be z(-5). What is the highest common factor of g and 6?
6
Suppose -3*a + 3*r + 345 = -0*r, 4*r = -5*a + 620. Calculate the highest common factor of 30 and a.
30
Let k(t) = 3*t - 2. Let g be k(5). Let l be g - (0/2 - 1). Suppose 0 = 86*c - 89*c + 462. Calculate the greatest common divisor of l and c.
14
Suppose -2*y + 0 + 4 = 0. Let a(g) be the first derivative of g**2/2 - g + 10. Let i be a(y). What is the highest common factor of i and 7?
1
Let i(u) = u**2 - 6*u - 12. Let f(c) = -1. Let k(o) = 5*f(o) - i(o). Let z be k(5). Calculate the highest common divisor of z and 30.
6
Let q be (-24)/10*(1 + -6). Suppose 4*m + 4*p - q = 0, p + 2 = 4*m + 3*p. Let y = m - -3. Calculate the highest common divisor of 3 and y.
1
Suppose -4*y + 4*a = 2*a - 64, -64 = -4*y - 3*a. What is the greatest common divisor of 64 and y?
16
Let q be 1 - 3 - (1 + -7). What is the highest common divisor of q and 4?
4
Suppose 98 + 2 = 5*h. What is the greatest common divisor of h and 20?
20
Let x(m) = -m**3 + 8*m**2 + 4. Let q be x(8). What is the greatest common factor of 4 and q?
4
Suppose 2*l + 12 = 54. Suppose -2*h + l = -3. Suppose 2*f + 26 = r, f + 19 = -r + 51. What is the highest common divisor of h and r?
6
Let i be (3/(-9))/1 + 110/6. What is the highest common divisor of 27 and i?
9
Let r = 28 - 9. Calculate the greatest common factor of 57 and r.
19
Let k be 1/2*(-3 + 1). Let l be 11 + (-2)/k + -2. What is the greatest common divisor of l and 121?
11
Let j be 18/3*1/3. Suppose 2*u - 4*k - 2 = 6, -j*u - 4*k = -48. Calculate the greatest common divisor of 154 and u.
14
Let f(v) = 2*v - 6. Let o be f(7). Suppose -10 = 5*w, 99 + 35 = 2*l + 5*w. Calculate the highest common factor of l and o.
8
Let b be (1 - 2)/(-1)*0. Let w be 1683/(3 - (b + 2)). Let u be w/15 + (-1)/5. Calculate the highest common divisor of 14 and u.
14
Suppose -4*k = -2*m - 46, -5*m = k - m - 16. Suppose 13*g = 9*g + 16. Suppose k = g*w - 44. What is the greatest common factor of w and 14?
14
Suppose -p = 1, -2*p - 245 = -2*l - 3*p. Let o(n) = 21*n**2 + 2*n + 3. Let i be o(-2). Let b = l - i. What is the greatest common factor of b and 16?
8
Suppose p + 4*c - 67 = 0, 0 = -c + 3 + 1. Let o = p - 23. What is the greatest common divisor of o and 4?
4
Suppose 0 = -11*c + 7*c + 12. What is the greatest common divisor of 2 and c?
1
Let j be 24 + (-6)/(-3) + (4 - 2). Calculate the greatest common divisor of 42 and j.
14
Suppose -3*t = -2*t - 27. Let q = -10 - -16. Suppose 9*r = q*r + 27. What is the greatest common factor of t and r?
9
Let z = -35 - -110. What is the highest common divisor of 50 and z?
25
Let g = -19 - -21. Suppose -g*l + 190 = 4*z - 0*z, 0 = 5*z + 3*l - 240. Calculate the greatest common divisor of 5 and z.
5
Let n(p) = 33*p - 3. Let w = -8 + 11. Let j be n(w). Suppose -4*m = -0*m - j. What is the highest common divisor of m and 6?
6
Let r(b) = 32*b - 4. Let k be r(4). What is the greatest common divisor of k and 31?
31
Let s = 104 - -355. What is the highest common divisor of s and 51?
51
Let d be (-16)/28*63/(-6). Let f(k) = 2*k**2 + k. Let o be f(-2). Calculate the greatest common factor of d and o.
6
Let r = 2 - -8. Let o = -7 + r. Suppose o*m - 4*m + 26 = 2*v, -5*m + v = -75. Calculate the highest common factor of m and 128.
16
Let l(r) = -r**3 - 7*r**2 + r + 8. Let f be l(-7). Let k = 0 + -3. Let x be k*((-2)/6)/f. What is the greatest common factor of x and 6?
1
Suppose 3*l - 166 + 67 = 0. What is the highest common divisor of 3 and l?
3
Let y(k) = -14*k - 9. Let g be (-3)/(3/4)*1. Let x(c) = 5*c + 3. Let j(r) = g*y(r) - 11*x(r). Let i be j(7). Calculate the highest common divisor of i and 40.
10
Suppose -6*u = -3*u. Suppose -t + 12 + 37 = u. Calculate the highest common factor of t and 7.
7
Suppose -2*b + v = 6*v - 10, b = -v + 5. Let z(t) = 2*t**2 - 5*t - 7. Let i be z(b). What is the highest common factor of i and 27?
9
Let u = 291 + -158. Let o(w) = 2*w**3 - 4*w**2 + 1. Let c be o(3). Calculate the greatest common factor of u and c.
19
Let v(b) = b**3 - b - 8. Let p be v(0). Let m = -3 - p. Let q be (2/m)/(5/300). Calculate the greatest common factor of q and 8.
8
Let o(v) = -v - 1. Let s be o(5). Let k = 17 + s. What is the highest common divisor of 22 and k?
11
Suppose t = -t + 8. Suppose 4*g = -3 + 27. What is the greatest common divisor of t and g?
2
Let t be 6/4*8/6. Suppose -3*b + 3*a + 366 = 0, t*a + a + 486 = 4*b. Calculate the greatest common divisor of 15 and b.
15
Let m be 4/18 - (-1072)/36. Let q = 45 - m. What is the greatest common factor of q and 60?
15
Suppose 0 = 3*y - 6*y + 6. What is the highest common divisor of 5 and y?
1
Let u be -1 + 0 + -5 + 12. What is the greatest common factor of 66 and u?
6
Suppose -5*l + 430 = 5*i, -4*l - 10 = -2. Suppose -b = 2*a + 51 - 4, -b + 2*a = 59. Let g = i + b. What is the greatest common factor of g and 7?
7
Let h(t) = t**3 - t**2 + t - 3. Let s be h(0). Let a be s + (-1)/(-1) + 0. Let z be (-18)/(9/60*a). What is the greatest common factor of z and 6?
6
Suppose -10*d - 180 = -15*d. Let w be d/(-8)*26/(-3). Calculate the highest common divisor of w and 26.
13
Let z = 236 + -169. Let r = 6 + -1. Suppose -87 = -r*f - 2*s, 4*f - 4*s + 3*s - z = 0. What is the highest common factor of 51 and f?
17
Let l = 104 + -98. Calculate the highest common divisor of l and 6.
6
Let t(l) = -l**3 - 9*l**2 - 2*l - 3. Let u be t(-9). Calculate the greatest common divisor of 60 and u.
15
Let h be 0 - (-1 - (1 + -1)). Let z be (-9)/12*(-4)/(-1). Let s = z + 4. What is the greatest common factor of h and s?
1
Suppose 2*q = -5*r + 13, r + 4*r = 4*q - 11. Let w be -2 - (-1)/r - 3. Let m be ((-9)/3)/3*w. Calculate the highest common divisor of m and 4.
4
Suppose 9*y = 157 + 14. Calculate the greatest common factor of 171 and y.
19
Suppose 0 = -4*l + 18 + 14. Calculate the greatest common divisor of 8 and l.
8
Let k be ((-14)/(-8) - -1)/(23/184). Suppose -2*d + d = -154. Calculate the greatest common divisor of k and d.
22
Let d be 2 - 3 - (-1 - 56). Let h be (d/(-6))/((-2)/3). Calculate the highest common divisor of 21 and h.
7
Suppose v = -3*v + 72. Let h(u) be the second derivative of -11*u**3/3 + u**2 - 3*u. Let a be h(-4). Calculate the greatest common divisor of v and a.
18
Let m(i) = 25*i - 67. Let z be m(3). Supp